rime factors of 948145.
5, 11, 17239
List the prime factors of 27496720.
2, 5, 343709
List the prime factors of 60936.
2, 3, 2539
List the prime factors of 8755240.
2, 5, 13, 113, 149
What are the prime factors of 5957183?
373, 15971
List the prime factors of 1333055.
5, 17, 15683
List the prime factors of 1464987.
3, 488329
List the prime factors of 514770.
2, 3, 5, 17159
List the prime factors of 185929.
17, 10937
List the prime factors of 1630249.
17, 5641
What are the prime factors of 3065016?
2, 3, 127709
What are the prime factors of 7447180?
2, 5, 13, 28643
List the prime factors of 260256.
2, 3, 2711
What are the prime factors of 461010?
2, 3, 5, 11, 127
What are the prime factors of 1561808?
2, 97613
List the prime factors of 59748.
2, 3, 13, 383
List the prime factors of 468254.
2, 257, 911
What are the prime factors of 6110699?
7, 313, 2789
What are the prime factors of 56901?
3, 13, 1459
What are the prime factors of 8134902?
2, 3, 451939
List the prime factors of 245061.
3, 73, 373
List the prime factors of 453011.
13, 34847
List the prime factors of 593873.
7, 43, 1973
What are the prime factors of 1673582?
2, 17, 49223
List the prime factors of 16047715.
5, 3209543
List the prime factors of 3149014.
2, 11, 143137
What are the prime factors of 347098?
2, 173549
List the prime factors of 4088106.
2, 3, 11, 1877
List the prime factors of 12640379.
2179, 5801
What are the prime factors of 1412315?
5, 23, 12281
What are the prime factors of 294094?
2, 147047
List the prime factors of 472023.
3, 179, 293
List the prime factors of 873968.
2, 54623
List the prime factors of 1251588.
2, 3, 13, 71, 113
What are the prime factors of 793748?
2, 198437
List the prime factors of 765476.
2, 17, 11257
What are the prime factors of 475660?
2, 5, 17, 1399
What are the prime factors of 400023?
3, 13, 263
What are the prime factors of 2760635?
5, 552127
List the prime factors of 91401.
3, 30467
List the prime factors of 44019058.
2, 22009529
What are the prime factors of 2129408?
2, 4159
What are the prime factors of 1145513?
661, 1733
What are the prime factors of 385837?
385837
List the prime factors of 241784.
2, 30223
What are the prime factors of 784709?
211, 3719
What are the prime factors of 154438?
2, 37, 2087
What are the prime factors of 14104000?
2, 5, 41, 43
What are the prime factors of 23992606?
2, 11, 9013
What are the prime factors of 7384?
2, 13, 71
List the prime factors of 670987.
670987
What are the prime factors of 1039945?
5, 23, 9043
List the prime factors of 57771.
3, 7, 131
List the prime factors of 204836.
2, 41, 1249
List the prime factors of 129256.
2, 107, 151
What are the prime factors of 24132251?
11, 13, 37, 4561
List the prime factors of 6620035.
5, 1324007
What are the prime factors of 1414239?
3, 599, 787
What are the prime factors of 5324502?
2, 3, 17, 52201
What are the prime factors of 6938983?
709, 9787
What are the prime factors of 160353?
3, 5939
List the prime factors of 6191678.
2, 3095839
What are the prime factors of 5085?
3, 5, 113
List the prime factors of 223410.
2, 3, 5, 11, 677
List the prime factors of 12274404.
2, 3, 941, 1087
What are the prime factors of 204754?
2, 11, 41, 227
List the prime factors of 747808.
2, 23369
What are the prime factors of 155880?
2, 3, 5, 433
List the prime factors of 4004697.
3, 29, 191, 241
List the prime factors of 15808727.
11, 491, 2927
List the prime factors of 4697247.
3, 41, 38189
List the prime factors of 12958559.
683, 18973
What are the prime factors of 699601?
7, 17, 5879
List the prime factors of 2539475.
5, 157, 647
What are the prime factors of 1442795?
5, 288559
What are the prime factors of 3840441?
3, 11, 29, 4013
List the prime factors of 567059.
567059
List the prime factors of 1386803.
11, 139, 907
List the prime factors of 2730833.
7, 390119
What are the prime factors of 3606791?
23, 156817
What are the prime factors of 7614519?
3, 11, 230743
What are the prime factors of 645613?
37, 17449
List the prime factors of 1559874.
2, 3, 499, 521
What are the prime factors of 8915899?
557, 16007
List the prime factors of 329699.
487, 677
List the prime factors of 204116.
2, 11, 4639
What are the prime factors of 2269347?
3, 17, 44497
List the prime factors of 917381.
917381
What are the prime factors of 829143?
3, 7, 41, 107
What are the prime factors of 14636012?
2, 59, 62017
List the prime factors of 104614.
2, 19, 2753
List the prime factors of 190602.
2, 3, 10589
What are the prime factors of 265570?
2, 5, 26557
What are the prime factors of 14073879?
3, 4691293
What are the prime factors of 99763?
67, 1489
What are the prime factors of 805141?
271, 2971
What are the prime factors of 5185178?
2, 2592589
What are the prime factors of 4277083?
1291, 3313
List the prime factors of 12394459.
7, 11, 160967
List the prime factors of 7563056.
2, 472691
What are the prime factors of 247225?
5, 11, 29, 31
List the prime factors of 713803.
691, 1033
List the prime factors of 771162.
2, 3, 7, 43, 61
What are the prime factors of 753376?
2, 13, 1811
What are the prime factors of 14884163?
7, 17, 19, 29, 227
List the prime factors of 149353.
233, 641
What are the prime factors of 625945?
5, 23, 5443
What are the prime factors of 540562?
2, 11, 24571
What are the prime factors of 12728520?
2, 3, 5, 7, 5051
List the prime factors of 16016338.
2, 13, 37, 16649
What are the prime factors of 1087118?
2, 23, 23633
What are the prime factors of 10982?
2, 17, 19
What are the prime factors of 9612454?
2, 277, 17351
What are the prime factors of 219783?
3, 61, 1201
List the prime factors of 234646.
2, 23, 5101
List the prime factors of 7524346.
2, 3762173
What are the prime factors of 9164960?
2, 5, 7, 167
List the prime factors of 348737.
61, 5717
List the prime factors of 177117.
3, 43, 1373
What are the prime factors of 15614971?
15614971
List the prime factors of 14881997.
13, 19, 60251
List the prime factors of 403816.
2, 7, 7211
List the prime factors of 6751011.
3, 2250337
List the prime factors of 2597689.
23, 53, 2131
List the prime factors of 227150.
2, 5, 7, 11, 59
List the prime factors of 3267313.
7, 137, 3407
List the prime factors of 24034132.
2, 6008533
List the prime factors of 1293534.
2, 3, 11, 47, 139
What are the prime factors of 746169?
3, 248723
What are the prime factors of 622639?
622639
What are the prime factors of 1990547?
13, 17, 9007
List the prime factors of 1291228.
2, 322807
List the prime factors of 3822611.
13, 22619
What are the prime factors of 3085626?
2, 3, 514271
List the prime factors of 672050.
2, 5, 13441
List the prime factors of 7338745.
5, 1467749
What are the prime factors of 2430702?
2, 3, 45013
What are the prime factors of 736398?
2, 3, 13, 1049
List the prime factors of 10899116.
2, 2724779
What are the prime factors of 20935737?
3, 59, 89, 443
What are the prime factors of 514457?
151, 3407
List the prime factors of 49992.
2, 3, 2083
What are the prime factors of 6365632?
2, 7, 13, 1093
List the prime factors of 14187793.
1871, 7583
What are the prime factors of 540716?
2, 11, 12289
What are the prime factors of 223509?
3, 11, 13, 521
List the prime factors of 2567248.
2, 160453
What are the prime factors of 18246863?
18246863
What are the prime factors of 95683?
7, 13669
List the prime factors of 5620399.
59, 95261
What are the prime factors of 1999159?
31, 64489
List the prime factors of 2363286.
2, 3, 307, 1283
List the prime factors of 3394329.
3, 59, 127, 151
List the prime factors of 23406582.
2, 3, 577, 6761
List the prime factors of 2570468.
2, 17, 103, 367
What are the prime factors of 1763865?
3, 5, 19, 2063
List the prime factors of 33061741.
23, 1437467
List the prime factors of 988618.
2, 17, 29077
What are the prime factors of 6848973?
3, 760997
What are the prime factors of 86063?
89, 967
List the prime factors of 22598868.
2, 3, 1093, 1723
What are the prime factors of 478807?
7, 73, 937
What are the prime factors of 350616?
2, 3, 7, 2087
What are the prime factors of 576869?
523, 1103
List the prime factors of 29411.
29411
List the prime factors of 2306809.
19, 317, 383
What are the prime factors of 1827487?
1827487
List the prime factors of 1153272.
2, 3, 29, 1657
List the prime factors of 2804424.
2